t is the remainder when 135 is divided by 121?
14
What is the remainder when 678 is divided by 40?
38
What is the remainder when 398 is divided by 8?
6
Calculate the remainder when 250 is divided by 238.
12
What is the remainder when 8455 is divided by 12?
7
What is the remainder when 33 is divided by 28?
5
What is the remainder when 135 is divided by 42?
9
What is the remainder when 435 is divided by 14?
1
What is the remainder when 72730 is divided by 319?
317
What is the remainder when 49 is divided by 24?
1
Calculate the remainder when 6 is divided by 2.
0
What is the remainder when 73 is divided by 27?
19
Calculate the remainder when 910 is divided by 190.
150
What is the remainder when 949 is divided by 104?
13
Calculate the remainder when 34 is divided by 25.
9
What is the remainder when 182 is divided by 29?
8
What is the remainder when 300 is divided by 144?
12
Calculate the remainder when 401 is divided by 22.
5
Calculate the remainder when 8183 is divided by 22.
21
Calculate the remainder when 1725 is divided by 573.
6
Calculate the remainder when 280 is divided by 30.
10
Calculate the remainder when 1699 is divided by 189.
187
Calculate the remainder when 35 is divided by 24.
11
What is the remainder when 7257 is divided by 44?
41
Calculate the remainder when 3263 is divided by 24.
23
Calculate the remainder when 249 is divided by 43.
34
Calculate the remainder when 1544 is divided by 261.
239
What is the remainder when 5551 is divided by 1108?
11
What is the remainder when 545 is divided by 129?
29
What is the remainder when 124 is divided by 24?
4
Calculate the remainder when 130 is divided by 66.
64
What is the remainder when 290 is divided by 74?
68
Calculate the remainder when 638 is divided by 32.
30
Calculate the remainder when 6571 is divided by 31.
30
Calculate the remainder when 433 is divided by 28.
13
Calculate the remainder when 161 is divided by 44.
29
What is the remainder when 55 is divided by 39?
16
Calculate the remainder when 500 is divided by 126.
122
What is the remainder when 4331 is divided by 16?
11
What is the remainder when 32 is divided by 6?
2
Calculate the remainder when 71 is divided by 70.
1
Calculate the remainder when 24 is divided by 18.
6
Calculate the remainder when 2899 is divided by 80.
19
What is the remainder when 2229 is divided by 93?
90
Calculate the remainder when 849 is divided by 79.
59
What is the remainder when 1615 is divided by 4?
3
Calculate the remainder when 100 is divided by 52.
48
What is the remainder when 911 is divided by 226?
7
Calculate the remainder when 2584 is divided by 65.
49
What is the remainder when 106 is divided by 44?
18
What is the remainder when 97 is divided by 43?
11
What is the remainder when 729 is divided by 38?
7
What is the remainder when 21267 is divided by 30?
27
What is the remainder when 91 is divided by 51?
40
What is the remainder when 42 is divided by 6?
0
Calculate the remainder when 3031 is divided by 234.
223
What is the remainder when 235 is divided by 48?
43
Calculate the remainder when 1049 is divided by 105.
104
Calculate the remainder when 834 is divided by 169.
158
Calculate the remainder when 167 is divided by 52.
11
What is the remainder when 116 is divided by 15?
11
What is the remainder when 1112 is divided by 279?
275
What is the remainder when 515 is divided by 11?
9
What is the remainder when 256 is divided by 33?
25
Calculate the remainder when 747 is divided by 241.
24
What is the remainder when 58 is divided by 15?
13
Calculate the remainder when 4 is divided by 3.
1
Calculate the remainder when 578 is divided by 114.
8
Calculate the remainder when 666 is divided by 2.
0
What is the remainder when 52 is divided by 18?
16
What is the remainder when 1279 is divided by 615?
49
Calculate the remainder when 592 is divided by 190.
22
Calculate the remainder when 46 is divided by 28.
18
What is the remainder when 1293 is divided by 406?
75
Calculate the remainder when 44 is divided by 28.
16
Calculate the remainder when 5663 is divided by 12.
11
Calculate the remainder when 204 is divided by 20.
4
What is the remainder when 1163 is divided by 39?
32
Calculate the remainder when 196 is divided by 25.
21
What is the remainder when 442 is divided by 89?
86
Calculate the remainder when 11919 is divided by 44.
39
Calculate the remainder when 232 is divided by 69.
25
Calculate the remainder when 2073 is divided by 17.
16
Calculate the remainder when 67 is divided by 2.
1
Calculate the remainder when 230 is divided by 108.
14
Calculate the remainder when 63 is divided by 19.
6
What is the remainder when 194 is divided by 13?
12
What is the remainder when 228 is divided by 18?
12
What is the remainder when 162 is divided by 66?
30
Calculate the remainder when 2722 is divided by 12.
10
Calculate the remainder when 147 is divided by 18.
3
Calculate the remainder when 559 is divided by 51.
49
Calculate the remainder when 384 is divided by 67.
49
What is the remainder when 907 is divided by 91?
88
Calculate the remainder when 203 is divided by 63.
14
What is the remainder when 1140 is divided by 536?
68
What is the remainder when 78 is divided by 58?
20
What is the remainder when 681 is divided by 138?
129
What is the remainder when 248 is divided by 36?
32
Calculate the remainder when 120 is divided by 78.
42
Calculate the remainder when 157 is divided by 54.
49
Calculate the remainder when 330 is divided by 115.
100
Calculate the remainder when 238 is divided by 80.
78
Calculate the remainder when 12947 is divided by 52.
51
What is the remainder when 452 is divided by 145?
17
What is the remainder when 249 is divided by 65?
54
Calculate the remainder when 160 is divided by 9.
7
What is the remainder when 125 is divided by 14?
13
What is the remainder when 241 is divided by 41?
36
Calculate the remainder when 802 is divided by 292.
218
What is the remainder when 458 is divided by 58?
52
Calculate the remainder when 143 is divided by 78.
65
Calculate the remainder when 48 is divided by 11.
4
Calculate the remainder when 248 is divided by 7.
3
What is the remainder when 110 is divided by 73?
37
What is the remainder when 14107 is divided by 170?
167
What is the remainder when 573 is divided by 34?
29
What is the remainder when 238 is divided by 122?
116
What is the remainder when 461 is divided by 33?
32
What is the remainder when 285 is divided by 39?
12
What is the remainder when 1470 is divided by 705?
60
What is the remainder when 5846 is divided by 86?
84
Calculate the remainder when 9727 is divided by 14.
11
Calculate the remainder when 378 is divided by 23.
10
Calculate the remainder when 9973 is divided by 172.
169
Calculate the remainder when 1637 is divided by 96.
5
What is the remainder when 1156 is divided by 142?
20
What is the remainder when 711 is divided by 42?
39
Calculate the remainder when 6437 is divided by 1286.
7
Calculate the remainder when 98 is divided by 51.
47
What is the remainder when 1292 is divided by 338?
278
Calculate the remainder when 282 is divided by 48.
42
Calculate the remainder when 8247 is divided by 75.
72
What is the remainder when 911 is divided by 894?
17
Calculate the remainder when 1730 is divided by 51.
47
What is the remainder when 326 is divided by 22?
18
What is the remainder when 287 is divided by 27?
17
What is the remainder when 271 is divided by 140?
131
Calculate the remainder when 778 is divided by 112.
106
What is the remainder when 405 is divided by 206?
199
Calculate the remainder when 376 is divided by 315.
61
Calculate the remainder when 2676 is divided by 820.
216
Calculate the remainder when 24 is divided by 9.
6
What is the remainder when 7717 is divided by 31?
29
What is the remainder when 1296 is divided by 147?
120
Calculate the remainder when 53 is divided by 30.
23
Calculate the remainder when 1363 is divided by 105.
103
Calculate the remainder when 191 is divided by 4.
3
Calculate the remainder when 416 is divided by 12.
8
Calculate the remainder when 72 is divided by 9.
0
What is the remainder when 716 is divided by 12?
8
What is the remainder when 5103 is divided by 74?
71
What is the remainder when 2698 is divided by 36?
34
Calculate the remainder when 2538 is divided b